*k - 49 = 0. Let m be k + 0 + -2 + (-8)/4. Let r be m + -1 + 1 + 24. Calculate the highest common divisor of 189 and r.
27
Let w be (25 + -26 + -1 + 1)*-323. Let i(o) = o + 10. Let b be i(0). Suppose w = -b*t + 1403. What is the highest common factor of t and 36?
36
Let v(x) = 44*x + 175. Let c be v(-10). Let t = 325 + c. What is the greatest common divisor of t and 380?
20
Let y = -399 + 377. Let b be ((-6)/9)/((-1)/153). Let n = y + b. What is the greatest common factor of 120 and n?
40
Let w = -1623 - -1035. Let j = -174 - w. What is the greatest common factor of j and 18?
18
Suppose 42*m - 24*m = -3456. Let b = 272 + m. What is the highest common divisor of b and 48?
16
Suppose -24 = 11*k - 13*k. Suppose -d - 7 = -22. Calculate the greatest common divisor of d and k.
3
Suppose 2*s = -3*y + 934, 2*y = -s + 172 + 451. Calculate the greatest common factor of 48 and y.
24
Let y = -1576 - -1696. Calculate the greatest common divisor of 555 and y.
15
Let q(s) = 10*s**2 - 46*s + 10. Let d be q(5). Suppose 5*t - 27 + 17 = 0. Calculate the highest common factor of d and t.
2
Suppose 22*l - 3537 = -5*l. Suppose -607 = -4*x - 5*y + l, -3*y = 2*x - 370. What is the greatest common divisor of 14 and x?
14
Let f be ((-20)/30)/((-2)/9). Suppose 0 = -5*a - 15, 0 = f*r - 3*a - 29 - 28. Calculate the highest common factor of 1808 and r.
16
Suppose 281 + 4204 = 115*d. Let j = -46 - -150. Calculate the highest common divisor of j and d.
13
Suppose -200*a + 3*a = -754313. Calculate the highest common factor of a and 7.
7
Let d be (2 - 9)*(-30)/7. Let k = 51 - -17. Suppose -65*x + k*x = 18. What is the greatest common divisor of d and x?
6
Let o = -9 + 21. Let t(s) = 149 + 224*s**2 + 25*s - 9 + 108 - 3*s**3 + 2*s**3 - 193*s**2. Let n be t(32). Calculate the greatest common factor of o and n.
12
Let p = 201090 + -201076. Suppose -5*j + 696 = -2*j. Let t = j + -78. Calculate the highest common divisor of p and t.
14
Suppose 0 = 4*n - 28*n + 144. Suppose -n*t + 3*t + 3*w + 207 = 0, -3 = -w. What is the greatest common factor of 192 and t?
24
Let l be -5*3/(-3)*2/5. Let c be (1 - l)/(3/(-615)). Let p = 331 - c. Calculate the highest common divisor of p and 18.
18
Suppose 4*r - 16 = 3*r. Let i(f) = 4*f + 42. Suppose 0 = -v - 18*v - 190. Let g be i(v). What is the highest common divisor of g and r?
2
Suppose -617 = 63*t - 64*t. Suppose 95 - t = -9*v. What is the highest common factor of 261 and v?
29
Let t(u) = -10*u**3 - 2*u**2 - 7*u - 5. Let c be t(-2). Suppose -3*d + 3*y - 66 = -8*d, 5*d - c = 2*y. Calculate the highest common divisor of d and 90.
15
Suppose -3*k = -8*k, -s + 5*k = -91. Let v be -54 + -4 - (4 + -6). Let c = 63 + v. Calculate the highest common divisor of s and c.
7
Suppose 657 = 9*d + 594. Let k(j) = -2*j**2 - 8*j + 161. Let s be k(d). Let u(t) = 3*t**2 + 1. Let f be u(4). What is the greatest common divisor of f and s?
7
Suppose 47567 + 35659 = 66*z. What is the greatest common divisor of 39 and z?
13
Let d be 13/(130/15) - 1697/(-2). Calculate the highest common factor of d and 150.
50
Suppose -5*u = -44*a + 42*a + 27, 54 = 2*a + 4*u. Let b(j) = 2*j**2 - 42*j + 17. Let z be b(a). What is the highest common divisor of z and 5?
1
Suppose 0 = 4*g + 29 - 33. Let s(d) = 78*d + 9. Let q be s(g). Calculate the highest common factor of 29 and q.
29
Suppose -10*z - 3005 = -5*n - 9*z, n + 3*z - 585 = 0. Calculate the highest common divisor of 2040 and n.
120
Suppose -50*u + 18770 = 620. Calculate the greatest common divisor of 6 and u.
3
Let h = 30 + 608. Let z = h - 246. What is the greatest common factor of z and 56?
56
Let o be -1*1/8 - (-189)/(-24). Let q(h) = h**2 + 5*h. Let v be q(o). Calculate the greatest common factor of 12 and v.
12
Let c(d) = -d**3 - 10*d**2 - d - 112. Let m be c(-11). Suppose -3*y - 2*y = -450. What is the greatest common factor of m and y?
10
Let s = 107 - -10. Let t = s + -79. Let h(a) = 74*a**2 + 3*a + 2. Let m be h(2). What is the greatest common factor of m and t?
38
Let r(i) = i**3 + 3*i**2 - 7*i - 5. Let v be r(-4). Let g = 7821 - 4459. Suppose -y = -3474 + g. What is the greatest common divisor of v and y?
7
Let o(j) = 204*j**3 + 2*j**2 - 15*j + 5. Suppose 0 = 72*z - 36 - 108. Let w be o(z). Calculate the highest common divisor of w and 95.
95
Let s(a) = -5*a**2 - 48*a - 67. Let x be s(-2). Calculate the greatest common factor of x and 73.
1
Let u be (0 - 1/1)*(52 - 3377)/5. Calculate the highest common divisor of u and 70.
35
Suppose 16 = 35*f - 31*f. Suppose 0 = 5*b + 2*r - 19, b = f*r + r - 7. Suppose 741 = 10*k + b*k. Calculate the greatest common divisor of k and 19.
19
Let l be 8 - (-4)/(-6)*3. Let t be 33/l*-6*(-16)/12. Calculate the greatest common divisor of 11 and t.
11
Suppose -2*k - 24 = -104. Let g be 4*(26 + -25)*((-148)/(-8) + 4). Calculate the greatest common factor of g and k.
10
Let g be (-6)/4*(-210)/45. Suppose g*x - 4 = 3. Let f be (-9)/(-1) - (-2 - (x + 0)). What is the highest common factor of 6 and f?
6
Suppose -98*q - 10791 - 28019 = -259800. Calculate the highest common factor of 220 and q.
55
Let m(g) = -4*g - 1. Let n be m(-7). Let r be 10 + -19 + (-48)/(-6). Let z = n - r. What is the highest common factor of z and 42?
14
Suppose 5 = -9*v + 32. Suppose -v*o = 3*c - 85 - 14, c = 5*o + 3. What is the greatest common divisor of c and 77?
7
Let x be -34*(-3 - 245/14). What is the highest common factor of x and 82?
41
Let d = 11 - 9. Let v be (10 - 8)*d*1. Let g = 9 - v. Calculate the greatest common divisor of g and 55.
5
Let x = 2264 - 1734. What is the highest common factor of 35 and x?
5
Let b(a) = -7*a**3 + 4*a**2 - a + 4. Let g be b(3). Suppose -51 + 268 = -p. Let n = g - p. What is the greatest common divisor of n and 13?
13
Let t be 8 - 11 - (-32 + 9). Let s(a) = 49*a**2 - 4*a + 2. Let i be s(2). Calculate the greatest common divisor of t and i.
10
Let j be (47/(564/(-144)))/((-3)/21). Calculate the greatest common divisor of j and 308.
28
Let a(u) = -u**2 + 36*u - 128. Let f be a(32). Suppose 59*s - 52*s - 231 = f. Calculate the highest common factor of 11 and s.
11
Suppose -5*i - 20 = 0, 2*r - 13*i - 298 = -16*i. Let w = r - 110. What is the greatest common divisor of w and 15?
15
Let i be 3 + 27400 - (21 - (-171)/(-19)). What is the highest common divisor of 43 and i?
43
Suppose -8*z = -10*z + 1430. Let o be z/13*108/15. Calculate the highest common divisor of o and 22.
22
Let x(a) = -a - 9. Let v be x(-13). Suppose 3*c + 2*t = -10, v*c + 10 = -4*t - 10. Suppose i + c*i = 5. Calculate the highest common divisor of i and 2.
1
Let a(s) = 9*s**2 - 2*s - 3. Let x be a(3). Suppose 657*t - 648*t = 2628. Suppose x = -10*p + t. What is the highest common factor of 22 and p?
22
Let w(n) = n**2 + 16*n + 203. Let r be w(-9). What is the greatest common factor of r and 3710?
70
Suppose 92*s = 95*s - 3*v - 51, 2*v + 86 = 4*s. What is the greatest common divisor of s and 1222?
26
Suppose 0 = -4*s - 20*o + 19*o + 677, -2*s = 5*o - 361. What is the greatest common factor of 644 and s?
28
Let u(s) = 6*s**2 - 62*s - 525. Let b be u(-11). Calculate the greatest common factor of b and 2.
1
Suppose 92 - 109 = -g. Let y(c) = -c**2 + 26*c - 152. Let i be y(g). Suppose -12 = -0*d - 3*d. Calculate the greatest common factor of i and d.
1
Let c = -12020 + 12911. What is the highest common divisor of c and 88?
11
Let y be (-2)/(-6)*(24/(-30) + 1658/10). What is the greatest common divisor of 270 and y?
5
Suppose -75*w = -71*w - 8624. Suppose 0 = 57*d - 29*d - w. Calculate the highest common factor of d and 22.
11
Let s(t) = 6*t + 19. Let o be s(-3). Let a be (o/((-6)/(-42)))/(-2 - -3). What is the greatest common divisor of a and 49?
7
Suppose 2*k = -45*x + 46*x + 14, -16*k + 2*x + 160 = 0. Let a = -241 - -417. Calculate the greatest common factor of a and k.
11
Let m(d) = 101*d + 916. Let h be m(-5). What is the highest common divisor of h and 5891?
137
Let j = -831 - -1749. Suppose -6*c + 462 = -j. Calculate the highest common divisor of 20 and c.
10
Let x = 12553 - 12443. What is the greatest common divisor of 935 and x?
55
Let c be 1 + 11*-2 + 2. Let m(v) = v - 2. Let j(s) = 12. Let q(d) = -3*j(d) - 3*m(d). Let l be q(c). What is the greatest common factor of l and 3?
3
Let k = 12701 + -12350. Calculat